 48955018?
2, 7, 71363
List the prime factors of 2557105752.
2, 3, 2237, 47629
List the prime factors of 198149908.
2, 11, 4503407
What are the prime factors of 261282860?
2, 5, 17, 768479
List the prime factors of 209655959.
209655959
List the prime factors of 1863335829.
3, 61, 1931, 5273
What are the prime factors of 2086012490?
2, 5, 5051, 41299
What are the prime factors of 317906136?
2, 3, 61, 72383
What are the prime factors of 321552228?
2, 3, 61, 439279
What are the prime factors of 114573059?
19, 6030161
List the prime factors of 510902307.
3, 43, 1320161
What are the prime factors of 37585198?
2, 7, 17, 79, 1999
What are the prime factors of 220474538?
2, 89, 1238621
List the prime factors of 31169525.
5, 1246781
What are the prime factors of 32418307?
32418307
List the prime factors of 159259086.
2, 3, 7, 1263961
List the prime factors of 2401813734.
2, 3, 73, 101, 54293
What are the prime factors of 1544090190?
2, 3, 5, 337, 152729
What are the prime factors of 102761629?
191, 538019
List the prime factors of 42005273.
42005273
List the prime factors of 885599486.
2, 10007, 44249
What are the prime factors of 65841229?
409, 160981
What are the prime factors of 15407806?
2, 31, 181, 1373
List the prime factors of 126523577.
47, 61, 44131
List the prime factors of 30506649.
3, 61, 166703
List the prime factors of 322841362.
2, 161420681
List the prime factors of 120915329.
3511, 34439
What are the prime factors of 4546134521?
4546134521
What are the prime factors of 25158497?
7, 13, 276467
What are the prime factors of 221319442?
2, 107, 199, 5197
List the prime factors of 36947837.
19, 53, 36691
What are the prime factors of 194680019?
3673, 53003
What are the prime factors of 1092080?
2, 5, 11, 17, 73
List the prime factors of 84557398.
2, 31, 1063, 1283
What are the prime factors of 939551508?
2, 3, 7, 37, 33589
What are the prime factors of 532419750?
2, 3, 5, 78877
What are the prime factors of 261855732?
2, 3, 29, 752459
List the prime factors of 132045153.
3, 44015051
What are the prime factors of 166826125?
5, 29, 46021
What are the prime factors of 2609272618?
2, 179, 7288471
List the prime factors of 20646250.
2, 5, 83, 199
What are the prime factors of 6261234965?
5, 137, 9140489
List the prime factors of 224829932.
2, 56207483
List the prime factors of 279908423.
53, 251, 397
List the prime factors of 35061652.
2, 127, 69019
What are the prime factors of 1231783428?
2, 3, 37, 2774287
What are the prime factors of 33612854?
2, 11, 1527857
What are the prime factors of 320951935?
5, 449, 142963
List the prime factors of 197977026.
2, 3, 13, 29, 87523
List the prime factors of 4044176518.
2, 6983, 289573
List the prime factors of 673809394.
2, 857, 393121
List the prime factors of 228440364.
2, 3, 31, 61, 10067
List the prime factors of 1041433094.
2, 13, 29, 181, 587
List the prime factors of 641899520.
2, 5, 125371
What are the prime factors of 759035342?
2, 13, 29193667
List the prime factors of 2948753429.
89, 2621, 12641
List the prime factors of 859266817.
107, 8030531
List the prime factors of 1356760070.
2, 5, 29, 5563
What are the prime factors of 1911296374?
2, 13, 19, 297617
List the prime factors of 119587463.
19, 6294077
What are the prime factors of 20434056?
2, 3, 851419
List the prime factors of 233940208.
2, 163, 271, 331
List the prime factors of 110981191.
110981191
What are the prime factors of 188625838?
2, 4409, 21391
What are the prime factors of 21910571?
53, 79, 5233
What are the prime factors of 355165893?
3, 113, 179, 1951
List the prime factors of 39814575.
3, 5, 530861
What are the prime factors of 61736169?
3, 11, 1870793
What are the prime factors of 348675182?
2, 5843, 29837
What are the prime factors of 19265687?
7, 1471, 1871
What are the prime factors of 426652964?
2, 479, 222679
What are the prime factors of 39355255?
5, 17, 463003
List the prime factors of 39100612.
2, 17, 575009
What are the prime factors of 108161730?
2, 3, 5, 37, 401
List the prime factors of 1322406524.
2, 71, 139, 241
List the prime factors of 31489816.
2, 3936227
What are the prime factors of 504457006?
2, 1429, 176507
What are the prime factors of 1343084179?
19, 281, 251561
What are the prime factors of 573422376?
2, 3, 17, 31, 45337
What are the prime factors of 313518286?
2, 156759143
List the prime factors of 355823248.
2, 11, 23, 61, 131
List the prime factors of 12551923.
12551923
List the prime factors of 119054994.
2, 3, 19842499
List the prime factors of 3188794917.
3, 7, 11, 163, 7699
List the prime factors of 883922651.
17027, 51913
List the prime factors of 6995258697.
3, 7, 1801, 184957
List the prime factors of 11013190.
2, 5, 1101319
List the prime factors of 1711860979.
1711860979
What are the prime factors of 35952271?
37, 971683
What are the prime factors of 711541672?
2, 37, 877, 2741
List the prime factors of 357814284.
2, 3, 1867, 15971
What are the prime factors of 360834132?
2, 3, 103, 443, 659
What are the prime factors of 56812469?
7, 73, 1523
List the prime factors of 1035455969.
1035455969
List the prime factors of 28552034.
2, 7, 193, 10567
List the prime factors of 155320569.
3, 17257841
List the prime factors of 1085265026.
2, 542632513
List the prime factors of 843537193.
843537193
List the prime factors of 7805078.
2, 101, 38639
What are the prime factors of 682065062?
2, 7, 113, 431141
What are the prime factors of 178635750?
2, 3, 5, 238181
List the prime factors of 285206831.
7, 13, 23, 43, 3169
List the prime factors of 13161790.
2, 5, 853, 1543
List the prime factors of 387603.
3, 43067
What are the prime factors of 161240165?
5, 32248033
What are the prime factors of 348146312?
2, 499, 87211
What are the prime factors of 125981410?
2, 5, 2069, 6089
What are the prime factors of 10516455?
3, 5, 17, 59, 233
What are the prime factors of 60656328?
2, 3, 842449
What are the prime factors of 1348901005?
5, 269780201
What are the prime factors of 13309165?
5, 2661833
List the prime factors of 15304694.
2, 7652347
List the prime factors of 988874280.
2, 3, 5, 2746873
What are the prime factors of 382694842?
2, 191347421
List the prime factors of 93490810.
2, 5, 7, 59, 22637
List the prime factors of 5821359.
3, 1940453
What are the prime factors of 770590016?
2, 7, 79, 21773
List the prime factors of 3049726019.
3049726019
List the prime factors of 33967262.
2, 7, 2426233
What are the prime factors of 476899305?
3, 5, 191, 166457
What are the prime factors of 380216208?
2, 3, 7921171
What are the prime factors of 59033130?
2, 3, 5, 13, 37, 4091
What are the prime factors of 73972749?
3, 751, 32833
What are the prime factors of 29203761?
3, 59, 139, 1187
List the prime factors of 54117058.
2, 953, 28393
List the prime factors of 448567446.
2, 3, 74761241
List the prime factors of 92612413.
17, 5447789
What are the prime factors of 45602843?
11, 13, 53, 547
List the prime factors of 446201553.
3, 7, 21247693
What are the prime factors of 54170700?
2, 3, 5, 180569
List the prime factors of 92599030.
2, 5, 29, 149, 2143
What are the prime factors of 331748056?
2, 19, 41, 53233
What are the prime factors of 5055861923?
7, 751, 961739
What are the prime factors of 57674990?
2, 5, 5767499
List the prime factors of 104693146.
2, 661, 79193
List the prime factors of 197464958.
2, 389, 253811
What are the prime factors of 24651145?
5, 1091, 4519
What are the prime factors of 698050591?
7, 31, 457, 7039
List the prime factors of 140341883.
11, 23, 554711
List the prime factors of 366211646.
2, 401, 456623
What are the prime factors of 1463434646?
2, 2267, 322769
What are the prime factors of 55522554?
2, 3, 191, 48449
List the prime factors of 169291736.
2, 21161467
List the prime factors of 174521415.
3, 5, 37, 314453
List the prime factors of 1691924741.
13, 43, 232823
List the prime factors of 1202860561.
7, 127, 353, 3833
List the prime factors of 2779418210.
2, 5, 23, 12084427
What are the prime factors of 193769623?
31, 6250633
What are the prime factors of 6142749160?
2, 5, 139, 1104811
List the prime factors of 17133678.
2, 3, 79, 12049
List the prime factors of 36108488.
2, 13, 347197
What are the prime factors of 24456137?
24456137
List the prime factors of 6078609157.
547, 11112